tor of 1688 and 8?
8
What is the greatest common divisor of 240 and 16304?
16
What is the highest common factor of 324 and 375759?
81
What is the highest common divisor of 93 and 1229181?
93
Calculate the greatest common divisor of 486186 and 12.
6
Calculate the highest common factor of 53 and 1629061.
53
What is the highest common divisor of 78 and 1084551?
39
What is the highest common divisor of 2366 and 1204?
14
What is the greatest common factor of 1122 and 16694?
34
What is the highest common divisor of 26 and 3748?
2
What is the highest common factor of 42 and 10178?
14
What is the highest common divisor of 66 and 1343716?
22
What is the greatest common divisor of 4 and 6602?
2
What is the greatest common factor of 70810 and 511?
73
Calculate the highest common factor of 43326 and 78.
6
Calculate the highest common factor of 7095 and 407.
11
Calculate the greatest common factor of 22407 and 539.
77
Calculate the greatest common factor of 25 and 75925.
25
Calculate the greatest common divisor of 15301 and 11.
11
What is the greatest common divisor of 4697 and 42578?
61
Calculate the highest common divisor of 222695 and 220.
55
What is the highest common factor of 8082327 and 561?
561
What is the highest common divisor of 38 and 52874?
2
What is the greatest common divisor of 161 and 697337?
23
Calculate the greatest common factor of 8472 and 48.
24
What is the highest common factor of 3328 and 20384?
416
What is the greatest common divisor of 512 and 7984?
16
Calculate the highest common divisor of 1392 and 10382.
58
What is the highest common divisor of 56 and 584?
8
What is the highest common factor of 187 and 1598?
17
Calculate the highest common factor of 76976 and 17.
17
Calculate the greatest common factor of 501 and 1598691.
501
What is the highest common divisor of 91 and 25766?
13
Calculate the greatest common divisor of 34956 and 18.
18
What is the greatest common divisor of 114 and 42826?
38
Calculate the highest common divisor of 374 and 554642.
374
Calculate the greatest common factor of 144273 and 3.
3
What is the greatest common factor of 2096 and 1280?
16
Calculate the highest common divisor of 117311 and 511.
73
Calculate the greatest common factor of 65 and 10435.
5
What is the greatest common factor of 2205 and 1519?
49
Calculate the highest common factor of 54 and 6021.
27
Calculate the greatest common divisor of 255 and 980985.
255
Calculate the greatest common divisor of 5025 and 250915.
335
What is the greatest common divisor of 1946 and 246169?
973
Calculate the greatest common divisor of 154901 and 955.
191
Calculate the highest common factor of 665145 and 189.
27
Calculate the greatest common divisor of 64250 and 9766.
514
What is the highest common divisor of 96174 and 7722?
702
What is the highest common divisor of 27231 and 435?
87
Calculate the highest common divisor of 956 and 137903.
239
What is the highest common divisor of 5712 and 96?
48
What is the highest common factor of 1051741 and 109?
109
Calculate the highest common factor of 8 and 3504792.
8
Calculate the highest common factor of 96051 and 202.
101
Calculate the greatest common divisor of 78 and 278707.
13
What is the greatest common divisor of 105264 and 72?
72
Calculate the greatest common factor of 24 and 6365304.
24
Calculate the greatest common divisor of 1261 and 637.
13
What is the highest common divisor of 6075 and 111600?
225
Calculate the highest common factor of 272 and 212143.
17
What is the greatest common divisor of 253 and 10428?
11
What is the highest common divisor of 198 and 11121?
33
Calculate the highest common divisor of 49278 and 774.
258
What is the highest common factor of 123375 and 18753?
987
What is the highest common divisor of 12 and 63258?
6
Calculate the greatest common factor of 484 and 109868.
484
Calculate the highest common divisor of 5026 and 182.
14
What is the greatest common divisor of 210 and 48795?
15
What is the greatest common factor of 8831628 and 12?
12
What is the highest common divisor of 168 and 499926?
42
What is the highest common divisor of 210 and 665430?
30
What is the greatest common divisor of 1275 and 4575?
75
What is the greatest common divisor of 8432 and 67983?
527
Calculate the greatest common factor of 29165 and 38.
19
Calculate the highest common divisor of 141570 and 990.
990
Calculate the highest common divisor of 575492 and 32.
4
Calculate the greatest common factor of 5141153 and 19.
19
What is the highest common divisor of 18255 and 75?
15
What is the greatest common factor of 628914 and 286?
286
What is the greatest common divisor of 2383641 and 1755?
351
Calculate the greatest common divisor of 18 and 13438.
2
What is the greatest common factor of 273430 and 9805?
185
What is the highest common factor of 26213 and 77?
11
What is the highest common factor of 200 and 1712?
8
What is the highest common divisor of 123802 and 13727?
259
What is the greatest common factor of 36 and 2855646?
18
What is the greatest common divisor of 1287 and 16679?
13
Calculate the greatest common factor of 408496 and 121.
121
What is the highest common divisor of 1737687 and 21?
21
What is the highest common factor of 3119740 and 65?
65
Calculate the greatest common divisor of 238 and 587384.
238
What is the highest common factor of 406016 and 182?
26
What is the highest common divisor of 2873 and 697?
17
Calculate the greatest common factor of 309 and 982929.
309
What is the greatest common divisor of 149967 and 14193?
171
Calculate the highest common factor of 104 and 41418.
26
What is the greatest common divisor of 329430 and 15290?
1390
Calculate the greatest common divisor of 119471 and 11.
11
Calculate the greatest common factor of 9058 and 224.
14
Calculate the greatest common divisor of 5474 and 58786.
238
What is the greatest common factor of 59675 and 4867?
31
Calculate the greatest common factor of 47299 and 109277.
1631
What is the greatest common divisor of 112 and 13048?
56
Calculate the highest common divisor of 287 and 123328.
41
What is the highest common divisor of 198168 and 119906?
718
What is the highest common factor of 3024 and 64008?
504
What is the highest common divisor of 714078 and 18?
18
What is the highest common factor of 121894 and 8024?
118
What is the highest common divisor of 108 and 32346?
54
What is the greatest common factor of 229110 and 1680?
210
Calculate the highest common factor of 136022 and 184.
46
What is the greatest common divisor of 24 and 276848?
8
What is the highest common divisor of 42555 and 1065?
15
What is the highest common factor of 183 and 78?
3
What is the highest common factor of 3744 and 1044?
36
What is the greatest common divisor of 13704 and 1752?
24
What is the greatest common factor of 800603 and 29?
29
What is the greatest common divisor of 73 and 29273?
73
Calculate the greatest common divisor of 5910 and 18.
6
What is the highest common factor of 56 and 62104?
56
What is the highest common factor of 158 and 13667?
79
Calculate the highest common divisor of 10865 and 2665.
205
What is the greatest common factor of 520 and 186248?
8
What is the greatest common divisor of 1908569 and 38?
19
What is the highest common factor of 18 and 7947?
9
Calculate the highest common factor of 378 and 1359.
9
What is the highest common factor of 4886 and 504?
14
Calculate the highest common factor of 134691 and 228.
57
What is the greatest common factor of 364 and 6300?
28
Calculate the highest common factor of 57 and 42807.
57
What is the greatest common factor of 66870 and 9?
9
What is the greatest common factor of 388 and 148604?
388
Calculate the highest common divisor of 2849968 and 22.
22
Calculate the greatest common factor of 618 and 45835.
103
Calculate the greatest common factor of 15864 and 3408.
24
What is the greatest common factor of 3 and 319248?
3
Calculate the greatest common divisor of 2235 and 784932.
447
Calculate the highest common factor of 185 and 1647647.
37
What is the highest common divisor of 355 and 320?
5
Calculate the greatest common factor of 181 and 6605233.
181
What is the highest common factor of 14 and 37464?
14
Calculate the greatest common divisor of 147 and 6195.
21
Calculate the highest common factor of 5